{"id":7,"date":"2023-09-27T07:59:29","date_gmt":"2023-09-27T05:59:29","guid":{"rendered":"https:\/\/www.tribusdeliber.com\/?page_id=7"},"modified":"2024-06-26T08:47:24","modified_gmt":"2024-06-26T06:47:24","slug":"la-asociacion","status":"publish","type":"page","link":"https:\/\/tribusdeliber.com\/?page_id=7","title":{"rendered":"La asociaci\u00f3n"},"content":{"rendered":"\n<figure class=\"wp-block-image\"><a href=\"https:\/\/www.blogger.com\/u\/1\/blog\/page\/edit\/6526450801178609377\/8821241841956279452#\"><img decoding=\"async\" src=\"https:\/\/blogger.googleusercontent.com\/img\/b\/R29vZ2xl\/AVvXsEhvRQsoY-aGDeshldamFtaucUy4q-VQ2VL6dHmLN5BhouteH_Ek0HdeuEr7q7zFpcRwb_i4fgAkp2sB4oRHoNy-XSII8A2jC9sGFh4E1k5f2GTJr5Tmom3gOOMuuKBiDld5r-4QMPnAkXpbrK1CgDopXbkxrA1e7S5N5biy5HNHUIq6IFpjHU1XZE0E\/w640-h360\/%C3%8Ddolo%20de%20Ruanales%20(Valderredible).jpeg\" alt=\"\"\/><\/a><\/figure>\n\n\n\n<p class=\"has-text-align-left\">Una nueva asociaci\u00f3n cultural ha nacido en nuestro suelo y viene pisando fuerte. Las Tribus del \u00cdber somos la m\u00e1s reciente apuesta por el territorio y sus gentes, desde un punto de vista integrador. Ante las fronteras artificiales que diseccionan nuestra tierra, Tribus<strong>&nbsp;pretende unir a los pobladores para conocer, disfrutar y defender juntos nuestro patrimonio<\/strong>.<br>La asociaci\u00f3n abarca el valle de Valderredible, las Loras, el valle de Sedano y el Rudr\u00f3n, Bricia, Valdebezana, Santa Gadea\u2026 Multitud de municipios, tres provincias y dos comunidades aut\u00f3nomas.<br>Nuestra vocaci\u00f3n&nbsp;<strong>arqueol\u00f3gica<\/strong>&nbsp;se entiende dada la riqueza en restos de todas las \u00e9pocas: los d\u00f3lmenes y menhires de los p\u00e1ramos, las esquivas pinturas que abundan en los abrigos de Santa Gadea, los grabados rupestres, los prol\u00edficos eremitorios y necr\u00f3polis excavados en la arenisca del valle, e incluso los m\u00e1s recientes restos de la Guerra Civil. Es por tanto objetivo prioritario de la asociaci\u00f3n colaborar con los investigadores y la administraci\u00f3n para localizar, proteger y poner en valor este patrimonio arqueol\u00f3gico.<\/p>\n\n\n\n<figure class=\"wp-block-image\"><a href=\"https:\/\/www.blogger.com\/u\/1\/blog\/page\/edit\/6526450801178609377\/8821241841956279452#\"><img decoding=\"async\" src=\"https:\/\/blogger.googleusercontent.com\/img\/b\/R29vZ2xl\/AVvXsEie_VWStcJPhpt_6HDIWb4c3rBG93Kx7Lk6glRk4b4-vAAN_yLbwlKoodYGrTHwogWSUFrFkLF2l8bKVXIzqeVykLALsoWOWR9LmKn3KuBus_b5oqK63GV4d52ccWrgj9SYv4WV16hYs9t2IZSiMfZ3KhQ7uTutCcfuG44E2P3N4Fx2YFmfpM1gBl6Z\/w400-h241\/IMG-20211218-WA0018-02.jpeg\" alt=\"\"\/><\/a><\/figure>\n\n\n\n<p><em>Solsticio de invierno 2021 en el dolmen de La Caba\u00f1a (Sargentes de la Lora)<\/em><br><\/p>\n\n\n\n<p>La\u00a0<strong>naturaleza<\/strong>\u00a0toma tambi\u00e9n un merecido protagonismo en los estatutos de Tribus. Nuestros miembros, naturalistas expertos y aficionados, pretendemos seguir disfrutando de nuestros espectaculares paisajes, bosques, fauna diversa, geolog\u00eda\u2026 a la vez que sensibilizamos sobre su fragilidad y protecci\u00f3n.<br>En el \u00e1mbito\u00a0<strong>cultural<\/strong>, las Tribus del \u00cdber funcionamos como una\u00a0<strong>base de datos en la que recopilar<\/strong>\u00a0leyendas, historias de nuestros mayores, toponimia\u2026pero tambi\u00e9n creando nuestro propio\u00a0<em>lore<\/em>\u00a0con nuevos relatos, novelas, documentales e incluso m\u00fasica inspirada en esta tierra, como viene haciendo la escritora Elisa Rivero Ba\u00f1uelos, presidenta de la asociaci\u00f3n.<br>Ya hemos realizado numerosas charlas, talleres, ponencias y excursiones para dar a conocer la riqueza de nuestro territorio, y pr\u00f3ximamente podemos esperar\u00a0<strong>nuevas actividades<\/strong>\u00a0de la mano de las Tribus del \u00cdber, que iremos anunciando en redes sociales:<br>Instagram: @tribusdeliber<\/p>\n\n\n\n<p><a href=\"https:\/\/www.blogger.com\/u\/1\/blog\/page\/edit\/6526450801178609377\/8821241841956279452#\">Facebook<\/a><\/p>\n\n\n\n<p><a href=\"https:\/\/www.blogger.com\/u\/1\/blog\/page\/edit\/6526450801178609377\/8821241841956279452#\">Canal de Youtube<\/a><\/p>\n\n\n\n<figure class=\"wp-block-image\"><a href=\"https:\/\/www.blogger.com\/u\/1\/blog\/page\/edit\/6526450801178609377\/8821241841956279452#\"><img decoding=\"async\" src=\"https:\/\/blogger.googleusercontent.com\/img\/b\/R29vZ2xl\/AVvXsEiv9Ov3DjvoBiSCyQ4Zrz2rgu6SY8ASlrqdDwllO1Mne0tHMd8OV0nsNsEQkEO_Kse5pL5_D7n7i48CSIL1JmP6TxoAhzDNm0EOjEfZWbrkMhqt-VOhOpyE_kKD28gOym4zZZedGYXu7HDULwk6BRJsm-OLIVRh7YnmjpGqK49-EF21UU6o1OWXwAKI\/w400-h300\/herbosa.jpg\" alt=\"\"\/><\/a><\/figure>\n\n\n\n<p><em>Excursi\u00f3n al altar de Herbosa tras la charla del 25\/07\/2022 en las fiestas.<\/em><br><\/p>\n\n\n\n<p>Si est\u00e1s interesado en\u00a0<strong>hacerte socio o patrocinador<\/strong>, no dudes en escribirnos al correo electr\u00f3nico tribusdeliber@gmail.com o a trav\u00e9s de redes sociales. Beneficios de los socios:<\/p>\n\n\n\n<figure class=\"wp-block-image size-large\"><img loading=\"lazy\" decoding=\"async\" width=\"1024\" height=\"1024\" src=\"https:\/\/tribusdeliber.com\/wp-content\/uploads\/2024\/06\/2-1024x1024.png\" alt=\"\" class=\"wp-image-320\" srcset=\"https:\/\/tribusdeliber.com\/wp-content\/uploads\/2024\/06\/2-1024x1024.png 1024w, https:\/\/tribusdeliber.com\/wp-content\/uploads\/2024\/06\/2-300x300.png 300w, https:\/\/tribusdeliber.com\/wp-content\/uploads\/2024\/06\/2-150x150.png 150w, https:\/\/tribusdeliber.com\/wp-content\/uploads\/2024\/06\/2-768x768.png 768w, https:\/\/tribusdeliber.com\/wp-content\/uploads\/2024\/06\/2-36x36.png 36w, https:\/\/tribusdeliber.com\/wp-content\/uploads\/2024\/06\/2-133x133.png 133w, https:\/\/tribusdeliber.com\/wp-content\/uploads\/2024\/06\/2.png 1080w\" sizes=\"(max-width: 1024px) 100vw, 1024px\" \/><\/figure>\n\n\n\n<figure class=\"wp-block-image size-large\"><img loading=\"lazy\" decoding=\"async\" width=\"1024\" height=\"1024\" src=\"https:\/\/tribusdeliber.com\/wp-content\/uploads\/2024\/06\/1-1-1024x1024.png\" alt=\"\" class=\"wp-image-319\" srcset=\"https:\/\/tribusdeliber.com\/wp-content\/uploads\/2024\/06\/1-1-1024x1024.png 1024w, https:\/\/tribusdeliber.com\/wp-content\/uploads\/2024\/06\/1-1-300x300.png 300w, https:\/\/tribusdeliber.com\/wp-content\/uploads\/2024\/06\/1-1-150x150.png 150w, https:\/\/tribusdeliber.com\/wp-content\/uploads\/2024\/06\/1-1-768x768.png 768w, https:\/\/tribusdeliber.com\/wp-content\/uploads\/2024\/06\/1-1-36x36.png 36w, https:\/\/tribusdeliber.com\/wp-content\/uploads\/2024\/06\/1-1-133x133.png 133w, https:\/\/tribusdeliber.com\/wp-content\/uploads\/2024\/06\/1-1.png 1080w\" sizes=\"(max-width: 1024px) 100vw, 1024px\" \/><\/figure>\n","protected":false},"excerpt":{"rendered":"<p>Una nueva asociaci\u00f3n cultural ha nacido en nuestro suelo y viene pisando fuerte. Las Tribus del \u00cdber somos la m\u00e1s reciente apuesta por el territorio y sus gentes, desde un punto de vista integrador. Ante las fronteras artificiales que diseccionan nuestra tierra, Tribus&nbsp;pretende unir a los pobladores para conocer, disfrutar y defender juntos nuestro patrimonio.La [&hellip;]<\/p>\n","protected":false},"author":2,"featured_media":0,"parent":0,"menu_order":0,"comment_status":"closed","ping_status":"closed","template":"","meta":{"footnotes":""},"class_list":["post-7","page","type-page","status-publish","hentry"],"_links":{"self":[{"href":"https:\/\/tribusdeliber.com\/index.php?rest_route=\/wp\/v2\/pages\/7"}],"collection":[{"href":"https:\/\/tribusdeliber.com\/index.php?rest_route=\/wp\/v2\/pages"}],"about":[{"href":"https:\/\/tribusdeliber.com\/index.php?rest_route=\/wp\/v2\/types\/page"}],"author":[{"embeddable":true,"href":"https:\/\/tribusdeliber.com\/index.php?rest_route=\/wp\/v2\/users\/2"}],"replies":[{"embeddable":true,"href":"https:\/\/tribusdeliber.com\/index.php?rest_route=%2Fwp%2Fv2%2Fcomments&post=7"}],"version-history":[{"count":5,"href":"https:\/\/tribusdeliber.com\/index.php?rest_route=\/wp\/v2\/pages\/7\/revisions"}],"predecessor-version":[{"id":321,"href":"https:\/\/tribusdeliber.com\/index.php?rest_route=\/wp\/v2\/pages\/7\/revisions\/321"}],"wp:attachment":[{"href":"https:\/\/tribusdeliber.com\/index.php?rest_route=%2Fwp%2Fv2%2Fmedia&parent=7"}],"curies":[{"name":"wp","href":"https:\/\/api.w.org\/{rel}","templated":true}]}}